{"id":2222,"date":"2025-04-10T10:57:37","date_gmt":"2025-04-10T02:57:37","guid":{"rendered":"https:\/\/conference.iium.edu.my\/iccce\/?page_id=2222"},"modified":"2025-05-23T16:46:10","modified_gmt":"2025-05-23T08:46:10","slug":"iccce2025-keynote-speaker-1","status":"publish","type":"page","link":"https:\/\/conference.iium.edu.my\/iccce\/iccce2025-keynote-speaker-1\/","title":{"rendered":"ICCCE2025 Keynote Speaker 1"},"content":{"rendered":"\t\t<div data-elementor-type=\"wp-page\" data-elementor-id=\"2222\" class=\"elementor elementor-2222\" data-elementor-settings=\"[]\">\n\t\t\t\t\t\t<div class=\"elementor-inner\">\n\t\t\t\t\t\t\t<div class=\"elementor-section-wrap\">\n\t\t\t\t\t\t\t<section class=\"elementor-section elementor-top-section elementor-element elementor-element-5e1b2fc elementor-section-content-middle elementor-section-boxed elementor-section-height-default elementor-section-height-default\" data-id=\"5e1b2fc\" data-element_type=\"section\">\n\t\t\t\t\t\t<div class=\"elementor-container elementor-column-gap-no\">\n\t\t\t\t\t\t\t<div class=\"elementor-row\">\n\t\t\t\t\t<div class=\"elementor-column elementor-col-100 elementor-top-column elementor-element elementor-element-7ef2f6ba\" data-id=\"7ef2f6ba\" data-element_type=\"column\">\n\t\t\t<div class=\"elementor-column-wrap elementor-element-populated\">\n\t\t\t\t\t\t\t<div class=\"elementor-widget-wrap\">\n\t\t\t\t\t\t<div class=\"elementor-element elementor-element-2a7ea6cb elementor-widget elementor-widget-heading\" data-id=\"2a7ea6cb\" data-element_type=\"widget\" data-widget_type=\"heading.default\">\n\t\t\t\t<div class=\"elementor-widget-container\">\n\t\t\t<h4 class=\"elementor-heading-title elementor-size-default\">Conjugated Molecule Design and Synthesis for Advanced Organic and Perovskite Photovoltaics <\/h4>\t\t<\/div>\n\t\t\t\t<\/div>\n\t\t\t\t<div class=\"elementor-element elementor-element-78f6c8fd elementor-widget elementor-widget-heading\" data-id=\"78f6c8fd\" data-element_type=\"widget\" data-widget_type=\"heading.default\">\n\t\t\t\t<div class=\"elementor-widget-container\">\n\t\t\t<h3 class=\"elementor-heading-title elementor-size-default\">Abstract:<\/h3>\t\t<\/div>\n\t\t\t\t<\/div>\n\t\t\t\t<div class=\"elementor-element elementor-element-42879598 elementor-widget elementor-widget-text-editor\" data-id=\"42879598\" data-element_type=\"widget\" data-widget_type=\"text-editor.default\">\n\t\t\t\t<div class=\"elementor-widget-container\">\n\t\t\t\t\t<div class=\"elementor-text-editor elementor-clearfix\"><p>The rapid expansion of self-powered, integrated Internet of Things (IoT) devices has fueled interest in advanced photovoltaic technologies capable of efficiently harvesting energy. Among these, perovskite solar cells (PSCs) and organic photovoltaics (OPVs) have emerged as frontrunners due to their high power conversion efficiency and solution-based fabrication, making them ideal candidates for addressing IoT energy challenges. A critical factor in optimizing PSC and OPV performance lies in mitigating interfacial defects through engineered charge transport layers, including electron transport layers (ETLs), hole transport layers (HTLs), and interfacial layers (IFLs). In this keynote, I will present our recent advancements in the development of conjugated molecules for ETL, HTL and IFLs, enabling significant performance improvements.<sup>[1]<\/sup> Our strategies include the design of efficient electron-selective layers, perovskite bulk passivation techniques, and the implementation of bilayer HTL structures to enhance indoor PSC efficiency. Specifically, we demonstrate how organic semiconductors, sol-gel nickel oxide (NiOx), and self-assembled (SA) layers optimize energy alignment at interfaces, leading to enhanced carrier transport in PSCs. Under 3000K LED illumination at 1000 lux, our optimized Cs\u2080.\u2081\u2088FA\u2080.\u2088\u2082Pb(I\u2080.\u2088Br\u2080.\u2082)\u2083 devices achieved an impressive indoor power conversion efficiency exceeding 42%.<sup>[2]<\/sup> Furthermore, we optimized bulk heterojunction (BHJ) blend layers\u2014such as PM6:PY-IT, and PM6:Y6 and its derivatives\u2014and their ternary counterparts to realize high-performance OPVs.<sup>[3]<\/sup> Our studies demonstrate that optimized ternary blend morphologies enhance exciton dissociation, carrier transport, and overall power conversion efficiency. Additionally, we highlight improvements in OPV thermal and ambient stability, paving the way for more robust and reliable organic photovoltaic technologies. These advancements underscore the critical role of molecular design in improving passivation, electron transport, and interfacial properties\u2014pushing the boundaries of next-generation PSCs and OPVs for energy-efficient IoT applications.<\/p><p>References:<\/p><p>[1] a) B. Orwat, Z.-E. Shi, C.-H. Ma, K. Jankowska, J. Nawrocik, A. Singh, Y.-H. Zheng, W.-C. Tu, Z. Ling, P. D\u0105bczy\u0144ski, M. Rogala, P. Krukowski, P. J. Kowalczyk, P. Data, B. \u0141uszczy\u0144ska, I. Kownacki, C.-P. Chen, <em>Small<\/em> <strong>2025<\/strong>, 2411623; b) Z. E. Shi, K. Kollimalaian, J. K. Peng, C. W. Lin, W. T. Peng, B. H. Jiang, Y. H. Lin, L. Y. Yang, Y. C. Lin, P. Venkatakrishnan, Y. J. Chang, C. P. Chen, <em>Advanced Energy Materials<\/em> <strong>2025<\/strong>, 15, 2404234; c) B. H. Jiang, Z. J. Gao, C. Y. Lung, Z. E. Shi, H. Y. Du, Y. W. Su, H. S. Shih, K. M. Lee, H. H. Hung, C. K. Chan, C. P. Chen, K. T. Wong, <em>Advanced Functional Materials<\/em> <strong>2024<\/strong>, 34, 2312819; d) R. Ramanujam, H. L. Hsu, Z. E. Shi, C. Y. Lung, C. H. Lee, G. Z. Wubie, C. P. Chen, S. S. Sun, <em>Small<\/em> <strong>2024<\/strong>, 20, e2310939.<\/p><p>[2] Z.-E. Shi, T.-H. Cheng, C.-Y. Lung, C.-W. Lin, C.-L. Wang, B.-H. Jiang, Y.-S. Hsiao, C.-P. Chen, <em>Chemical Engineering Journal<\/em> <strong>2024<\/strong>, 498, 155512.<\/p><p>[3] a) K. H. Huang, B. H. Jiang, H. C. Lu, Y. J. Xue, C. F. Lu, Y. Y. Chang, C. L. Huang, S. Y. Chien, C. P. Chen, Y. J. Cheng, <em>Adv Sci (Weinh)<\/em> <strong>2025<\/strong>, 12, e2413045; b) C.-Y. Lin, B.-H. Jiang, P.-J. Weng, Y. Hsuan Lin, Y.-W. Su, H.-S. Shih, Z.-E. Shi, Y.-R. Lin, J. Vailassery, S.-S. Sun, C.-P. Chen, Y. J. Chang, <em>Chemical Engineering Journal<\/em> <strong>2024<\/strong>, 494, 153183; c) H. Han Chiu, B.-H. Jiang, H. Chi Wang, X.-M. Su, Y.-H. Kang, Y.-W. Su, H.-S. Shih, C.-P. Chen, Y. J. Chang, <em>Chemical Engineering Journal<\/em> <strong>2023<\/strong>, 469, 143938.<\/p><\/div>\n\t\t\t\t<\/div>\n\t\t\t\t<\/div>\n\t\t\t\t<div class=\"elementor-element elementor-element-15ca8d9 elementor-widget-divider--view-line elementor-widget elementor-widget-divider\" data-id=\"15ca8d9\" data-element_type=\"widget\" data-widget_type=\"divider.default\">\n\t\t\t\t<div class=\"elementor-widget-container\">\n\t\t\t\t\t<div class=\"elementor-divider\">\n\t\t\t<span class=\"elementor-divider-separator\">\n\t\t\t\t\t\t<\/span>\n\t\t<\/div>\n\t\t\t\t<\/div>\n\t\t\t\t<\/div>\n\t\t\t\t\t\t<\/div>\n\t\t\t\t\t<\/div>\n\t\t<\/div>\n\t\t\t\t\t\t\t\t<\/div>\n\t\t\t\t\t<\/div>\n\t\t<\/section>\n\t\t\t\t<section class=\"elementor-section elementor-top-section elementor-element elementor-element-168994ae elementor-section-content-middle elementor-section-boxed elementor-section-height-default elementor-section-height-default\" data-id=\"168994ae\" data-element_type=\"section\">\n\t\t\t\t\t\t<div class=\"elementor-container elementor-column-gap-no\">\n\t\t\t\t\t\t\t<div class=\"elementor-row\">\n\t\t\t\t\t<div class=\"elementor-column elementor-col-50 elementor-top-column elementor-element elementor-element-20b7db61\" data-id=\"20b7db61\" data-element_type=\"column\">\n\t\t\t<div class=\"elementor-column-wrap elementor-element-populated\">\n\t\t\t\t\t\t\t<div class=\"elementor-widget-wrap\">\n\t\t\t\t\t\t<div class=\"elementor-element elementor-element-455c39b elementor-widget elementor-widget-image\" data-id=\"455c39b\" data-element_type=\"widget\" data-widget_type=\"image.default\">\n\t\t\t\t<div class=\"elementor-widget-container\">\n\t\t\t\t\t<div class=\"elementor-image\">\n\t\t\t\t\t\t\t\t\t\t<img width=\"164\" height=\"225\" src=\"https:\/\/conference.iium.edu.my\/iccce\/wp-content\/uploads\/2025\/04\/Prof-CHih.png\" class=\"attachment-large size-large\" alt=\"\" loading=\"lazy\" \/>\t\t\t\t\t\t\t\t\t\t\t<\/div>\n\t\t\t\t<\/div>\n\t\t\t\t<\/div>\n\t\t\t\t<div class=\"elementor-element elementor-element-7dbe54b3 elementor-widget-divider--view-line elementor-widget elementor-widget-divider\" data-id=\"7dbe54b3\" data-element_type=\"widget\" data-widget_type=\"divider.default\">\n\t\t\t\t<div class=\"elementor-widget-container\">\n\t\t\t\t\t<div class=\"elementor-divider\">\n\t\t\t<span class=\"elementor-divider-separator\">\n\t\t\t\t\t\t<\/span>\n\t\t<\/div>\n\t\t\t\t<\/div>\n\t\t\t\t<\/div>\n\t\t\t\t<div class=\"elementor-element elementor-element-9075536 elementor-widget elementor-widget-heading\" data-id=\"9075536\" data-element_type=\"widget\" data-widget_type=\"heading.default\">\n\t\t\t\t<div class=\"elementor-widget-container\">\n\t\t\t<h2 class=\"elementor-heading-title elementor-size-default\">Prof. Chih-Ping Chen<\/h2>\t\t<\/div>\n\t\t\t\t<\/div>\n\t\t\t\t\t\t<\/div>\n\t\t\t\t\t<\/div>\n\t\t<\/div>\n\t\t\t\t<div class=\"elementor-column elementor-col-50 elementor-top-column elementor-element elementor-element-783cc094\" data-id=\"783cc094\" data-element_type=\"column\">\n\t\t\t<div class=\"elementor-column-wrap elementor-element-populated\">\n\t\t\t\t\t\t\t<div class=\"elementor-widget-wrap\">\n\t\t\t\t\t\t<div class=\"elementor-element elementor-element-55e7ed19 elementor-widget elementor-widget-text-editor\" data-id=\"55e7ed19\" data-element_type=\"widget\" data-widget_type=\"text-editor.default\">\n\t\t\t\t<div class=\"elementor-widget-container\">\n\t\t\t\t\t<div class=\"elementor-text-editor elementor-clearfix\"><p><strong>Biography<\/strong><\/p><p><strong>Prof Chih-Ping Chen<\/strong> is a Distinguished Researcher and a Professor at the Department of Materials Engineering, Ming Chi University of Technology, Taiwan. His research areas vary from Electro-Optical Materials, Nano-composites, Organic Semiconductor, Organic and to Perovskite Photovoltaics and Photodetector.<\/p><p>He obtained his PhD from the Department of Chemical Engineering, National Chung Hsing University (NCHU), Taiwan in 2004.<\/p><p>He has also won several awards such as:<\/p><ul style=\"list-style-type: disc;\"><li>Outstanding Paper Award, Industrial Technology Research Institute, 2009, 2010 and 2011<\/li><li>Outstanding Young Polymer Science and Technology Award, 2016, The Polymer Society, Taipei<\/li><li>Outstanding Young Scholars Program (2018-2021)<\/li><\/ul><\/div>\n\t\t\t\t<\/div>\n\t\t\t\t<\/div>\n\t\t\t\t\t\t<\/div>\n\t\t\t\t\t<\/div>\n\t\t<\/div>\n\t\t\t\t\t\t\t\t<\/div>\n\t\t\t\t\t<\/div>\n\t\t<\/section>\n\t\t\t\t\t\t<\/div>\n\t\t\t\t\t\t<\/div>\n\t\t\t\t\t<\/div>\n\t\t","protected":false},"excerpt":{"rendered":"<p>Conjugated Molecule Design and Synthesis for Advanced Organic and Perovskite Photovoltaics Abstract: The rapid expansion of self-powered, integrated Internet of Things (IoT) devices has fueled interest in advanced photovoltaic technologies&hellip; <br \/> <a class=\"read-more\" href=\"https:\/\/conference.iium.edu.my\/iccce\/iccce2025-keynote-speaker-1\/\">Read more<\/a><\/p>\n","protected":false},"author":4,"featured_media":0,"parent":0,"menu_order":0,"comment_status":"closed","ping_status":"closed","template":"","meta":[],"_links":{"self":[{"href":"https:\/\/conference.iium.edu.my\/iccce\/wp-json\/wp\/v2\/pages\/2222"}],"collection":[{"href":"https:\/\/conference.iium.edu.my\/iccce\/wp-json\/wp\/v2\/pages"}],"about":[{"href":"https:\/\/conference.iium.edu.my\/iccce\/wp-json\/wp\/v2\/types\/page"}],"author":[{"embeddable":true,"href":"https:\/\/conference.iium.edu.my\/iccce\/wp-json\/wp\/v2\/users\/4"}],"replies":[{"embeddable":true,"href":"https:\/\/conference.iium.edu.my\/iccce\/wp-json\/wp\/v2\/comments?post=2222"}],"version-history":[{"count":16,"href":"https:\/\/conference.iium.edu.my\/iccce\/wp-json\/wp\/v2\/pages\/2222\/revisions"}],"predecessor-version":[{"id":2534,"href":"https:\/\/conference.iium.edu.my\/iccce\/wp-json\/wp\/v2\/pages\/2222\/revisions\/2534"}],"wp:attachment":[{"href":"https:\/\/conference.iium.edu.my\/iccce\/wp-json\/wp\/v2\/media?parent=2222"}],"curies":[{"name":"wp","href":"https:\/\/api.w.org\/{rel}","templated":true}]}}